+ k = 3. Suppose 2*t + 3*t - 130 = 3*p, t - k*p - 14 = 0. Let b(z) = -3 - 5 - t*z + z**2 + 28*z. Give b(0).
-8
Let t(c) = 5 - c**3 + 4*c - 24*c**2 - 23*c**2 + 44*c**2 - 1. Give t(-3).
-8
Let d(g) = -g**3 + 5*g**2 - 4*g - 1. Suppose -3*n - 8*n = -44. Give d(n).
-1
Let i(l) be the second derivative of l**5/20 - 5*l**4/12 - l**2/2 + l + 15. Determine i(5).
-1
Let g(x) = -4*x. Let d be g(-1). Suppose 5*k - l = -6*l, -k + d*l - 25 = 0. Let w(t) = 2*t + 6. Give w(k).
-4
Let r = 689 - 689. Let f(c) = -4*c - 6. Calculate f(r).
-6
Let z = -92 - -94. Suppose 15 = -5*p - 5*w, -z*p + 9 = -p + 5*w. Let r(k) = -k**2 - 8*k - 3. Let l(j) = -j**2 - 8*j - 3. Let v(f) = 3*l(f) - 4*r(f). Give v(p).
-9
Let t = 5 + 7. Let q(f) = -f + 2*f - t + 14. What is q(0)?
2
Let q(m) = m**3 + 2*m**2 - 16*m - 11. Let l be q(-5). Let b(a) = -a**3 - 8*a**2 - 7*a - 3. Calculate b(l).
-33
Let d be ((-362)/543)/(4/(-30)). Let b = 11 - 8. Let r(v) = -v + 0*v**3 + v**b + 5 + 3*v**2 - 8*v**2. Give r(d).
0
Let f(y) = -y - y + 8*y - 8*y + 5. Suppose 0 = 2*t - 2, 2*i - 7*i + t - 31 = 0. Calculate f(i).
17
Let c(a) = -3 + 0 - 4*a - a**2 - a. Let s(r) = r + 17. Let y be s(-6). Let m = -16 + y. Determine c(m).
-3
Let f(p) be the first derivative of -p**6/360 + p**5/20 - p**4/3 - 11*p**3/3 - 8. Let x(m) be the third derivative of f(m). What is x(6)?
-8
Let q(p) be the third derivative of p**5/60 + 5*p**4/24 + p**3/6 + 55*p**2 + 1. What is q(-3)?
-5
Let s(x) = 1 - 11 + 5 - 1 - 3*x**2 + 11*x + 2*x**2. Calculate s(6).
24
Let m(u) = -u**3 - 19*u**2 - 17*u + 25. Let k be m(-18). Let y(t) be the second derivative of -1/6*t**3 + 0 + 2*t + 3/2*t**2. Give y(k).
-4
Let g(a) = 4*a - 414 + 3*a + 421 + a**2. Let o be -6 + (-3)/(-3)*0. What is g(o)?
1
Let z = 14 - 8. Suppose 7*r = z*r + 3. Let t(i) = -i + 3. What is t(r)?
0
Suppose 0 = 3*h + 3. Let d(o) be the first derivative of 13*o**4/4 - o**2 - o + 1. Give d(h).
-12
Let r = -27 - -35. Suppose 20*z + r = 22*z. Let i(g) = -g**3 + 4*g**2 - g + 5. Determine i(z).
1
Suppose 114 - 554 = 4*o. Let s = 113 + o. Let l(z) = z**2 + 4*z - 3. What is l(s)?
18
Let g = -17 + 17. Let m(r) = r + 5 + 3 + 4 + 4. Calculate m(g).
16
Let o(b) be the second derivative of 11*b**3/6 - b**2/2 + 4*b + 10. What is o(1)?
10
Let o(n) = -n**3 - 2*n**2 + 3*n + 1. Let s be o(-5). Suppose 2*p + 53 = s. Let g(l) = l. Let a(x) = -x**2 + 9*x - 6. Let w(u) = a(u) - 3*g(u). Give w(p).
2
Let u(s) = -8*s - 2. Let g(o) = 57*o + 15. Let w(r) = r**2 - 9*r + 5. Let x be w(5). Let b(p) = x*u(p) - 2*g(p). What is b(1)?
6
Let h(f) = 6 - 17*f**2 + 58*f**2 - 46*f + f**3 - 62*f**2. What is h(23)?
6
Let g be -7 - (0 + 0 + 1). Let v(f) = 10 + f**2 + 0*f**2 + 8*f + 2*f + 2. Calculate v(g).
-4
Let h(n) = 26*n - 569. Let r be h(22). Let t(w) be the third derivative of w**5/60 - w**4/24 + w**3/2 - 2*w**2. What is t(r)?
9
Suppose -2*c - 16 = -4*h, -5*c = 6*h - h - 35. Let y(b) = -b + 2. Let t be y(-1). Let m(i) = i**c - 2 + 0 - t*i + 0 + 8*i. What is m(-6)?
4
Let y(i) be the second derivative of i**3/3 + 2*i**2 - 14*i + 1. Suppose 0 = 4*w - 4*g + 10 + 10, -4*w - 12 = 4*g. Determine y(w).
-4
Let t(x) be the first derivative of x**4/4 - 4*x**3/3 - 11*x**2/2 - 4*x - 29. Calculate t(6).
2
Let i(n) be the first derivative of 3/2*n**2 - 3 + 5/3*n**3 + 1/4*n**4 - n. Determine i(-4).
3
Let p(f) = f**2 + 13*f + 4. Suppose -7*w - 3*w - 100 = 0. Determine p(w).
-26
Let g(c) = -c**3 + 6*c**2 - c + 1. Let s = 14 + -8. Let y be g(s). Let n(f) = -f**2 - 3*f + 10. Let p be n(y). Let a(u) = u**3 + u**2 + u + 19. Determine a(p).
19
Suppose 14 = 9*l - 2*l. Let o(n) = -5*n - 6*n + 6 + l - 7. What is o(1)?
-10
Let x(c) = -c**2 - 3*c + 3. Let y(a) = -2*a**2 - 7*a + 6. Let v(d) = -5*x(d) + 2*y(d). Let s be v(3). Let i(g) = 14 - s + g + 2*g - g**2. Determine i(4).
1
Let p(a) be the third derivative of -a**4/24 - a**3/3 + 2*a**2 - 11. Determine p(-6).
4
Suppose 343 = 7*t + 364. Let o(v) = -2*v**3 - 3*v**2 + v - 3. Determine o(t).
21
Let p(t) = -t**3 + 6*t**2 + 17*t - 4. Let c be p(8). Suppose -c*i - 21 = -5*g, -7*g + 2*g + 25 = 0. Let d(m) = -10*m. Determine d(i).
-10
Let q(o) be the third derivative of -o**5/60 + 7*o**4/24 - 3*o**3/2 + 398*o**2. Determine q(5).
1
Let s(f) = f + 3. Let k be s(0). Let h(c) be the first derivative of -c + 14 - 1/2*c**4 + 5/3*c**3 - c**2. Calculate h(k).
-16
Let k(z) be the second derivative of z**5/20 + z**4/12 - 19*z**2/2 - 42*z. Calculate k(0).
-19
Let b be (5*3/30)/(5/20). Let k(r) = r**3 - 2*r**2. Let w(c) = -c**3 + c**2 + c - 1. Let g(d) = k(d) + 2*w(d). Calculate g(b).
-6
Let n(y) = y**3 + y**2 + 5*y - 1. Let v(m) = -2*m**3 - 3*m**2 - 9*m + 3. Let h(u) = -7*n(u) - 4*v(u). Let a = -261 + 257. Give h(a).
7
Let w(l) be the first derivative of l**2/2 + 4*l - 6. Suppose -n - 13 - 6 = -5*v, -5*n - 2*v + 40 = 0. Determine w(n).
10
Suppose -x + 5 = 4*x. Let l(f) = 3 + 1 - f**2 + x. Let d = -472 + 472. Give l(d).
5
Let u(l) = 3*l**2 - 3*l + 3*l**2 - 5 - 2*l**2 - l + l. What is u(-2)?
17
Let c(p) = p**3 - p**2 - 2. Let y be 144/20*10/4. Suppose 3*f - 7*f = 2*h - 12, -5*h = 4*f - y. What is c(f)?
2
Let l(h) be the second derivative of 0 - 1/12*h**4 + h**2 - 1/6*h**3 + 2*h. Suppose 2*g + 2 = -3*p, -p = 2*g + 5 + 1. Calculate l(p).
-4
Let i(z) = -z. Let x be 9/12*(-40)/1. Let l = 34 + x. Let d be 2/l - (-110)/20. Give i(d).
-6
Suppose 7*u - 5*u = -2. Let k(x) = 7*x**3 - x**2 - 3*x - 2. Calculate k(u).
-7
Let y(b) = b**2 - 2*b + 9. Let i be y(0). Suppose -3*x + 9 = r, -5*r + i = 2*x - 10. Let m(v) = 3*v**2 - 2*v - 2. What is m(r)?
19
Let g(c) = -8*c**3 + 2*c - 1. Suppose 61 = 23*x + 38. Determine g(x).
-7
Let q(l) = -3*l + l**3 - 433 + 445 + 9*l**2 - 5*l**2. Give q(-5).
2
Let t(y) = -y**2 - 1. Let s(n) be the second derivative of -5*n**4/12 + 3*n**3/2 - 2*n**2 - 33*n. Let l(p) = -s(p) + 6*t(p). Give l(-7).
12
Let h(n) = n**2 - 3*n - 1. Suppose -2*a = 9 - 25. Suppose -2*g - 7 = -3*l + a, 4*g = -5*l + 3. Calculate h(l).
-1
Let c be ((-33)/9 + 4)/((-2)/42). Let f(s) = -s - 8. Determine f(c).
-1
Let m(c) = 38*c**2 + 38*c + 11. Let n(b) = 11*b**2 + 12*b + 4. Let x(z) = 2*m(z) - 7*n(z). What is x(-9)?
-15
Let x(t) be the first derivative of t**4/6 - t**3/3 + t**2/2 - 3*t - 14. Let d(p) be the first derivative of x(p). Give d(1).
1
Let f(m) be the first derivative of -9*m**2/2 - 4*m + 43. Calculate f(-3).
23
Suppose 0 = -17*d + 22*d. Let m(o) = o**3 + o**2 + o + 6. Calculate m(d).
6
Let t(b) = -b + 3. Let k(n) = 1. Let o(u) = -12*k(u) + 3*t(u). What is o(3)?
-12
Let r(p) = 5*p**2 + 22. Let q(d) = 4*d**2 - d + 21. Let x(s) = 4*q(s) - 3*r(s). Let j(h) be the first derivative of x(h). Let z = 1 + 3. What is j(z)?
4
Let o(u) = u + 3. Suppose p - 4 - 5 = 0. Let r(q) = -q**2 + 10*q - 17. Let n be r(p). Give o(n).
-5
Let f(t) be the second derivative of 1/3*t**3 - 1/12*t**4 + 0 + 8*t + 1/2*t**2. Determine f(-1).
-2
Let v(l) = l**3 + 11*l**2 - 10*l + 6. Let w be 0 + (2 + -8 - 6). Calculate v(w).
-18
Let c(v) = -25*v**2 + v + 3. Let q(u) = -6*u**2 + 1. Let l(s) = -4*c(s) + 18*q(s). Let b(j) = -7*j**2 - 3*j + 5. Let n(o) = 6*b(o) - 5*l(o). Calculate n(2).
-4
Let b(w) = -85*w + 74*w + 10*w**2 - 9*w**2 + 3. Determine b(10).
-7
Let r(z) = -3*z - 3. Let h be 792/81 - 4/(-18). Suppose 3*a + 2*a - h = 0. Suppose a*w - 2 = 3*b, 4*w + 9 + 1 = -b. What is r(w)?
3
Let w(c) = 2*c - 20 - 2*c + 17 + c + 9. What is w(4)?
10
Let i(t) = -t - 15. Suppose -l = 3*y + 14, 4*y - 3*y = 2*l + 28. What is i(l)?
-1
Let n(c) = 41*c + 47 - 59 - 42*c. Calculate n(-11).
-1
Let z = -9 + 4. Let c(n) = 9*n**2 + 7*n - 9. Let s(o) = -2*o**2 - o + 1. Let x(i) = -c(i) - 4*s(i). Calculate x(z).
-5
Let h(y) = -y**2 + y + 1. Let n(x) = 5*x**2 - 10*x - 1. Let z(d) = -4*h(d) - n(d). Let j(r) = -4*r + 52. Let c be (22/2 + 3)*6/7. Let s be j(c). What is z(s)?
5
Let q(y) be the second derivative of y**5/20 - 2*y**4/3 + 5*y**3/3 + 5*y**2/2 + y + 96. Calculate q(6).
-7
Let d(v) = 4*v + 3. Let o(f) = -f + 1. Let q(g) = d(g) - o(g). Determine q(4).
22
Let r(n) = -n**3 - 4*n**2 - 3*n + 4. Let a be r(-3). Let k(w) = w + 19*w - w**2 - a - 12*w. What is k(4)?
12
Let z be -5*((-40)/(-32) - (-54)/(-24)). Let s(k) = -k**3 + 7*k**2 - 1. Give s(z).
49
Suppose 4*a = 3*q, 5*a + 17 = 2. Let l(d) = 6 + 2*d - 5 - d. Determine l(q).
-3
Let d(h) be the first derivative of 3*h**2/2 + 11